{"id":754,"date":"2025-05-08T16:30:34","date_gmt":"2025-05-08T14:30:34","guid":{"rendered":"https:\/\/atchave.com\/?post_type=product&#038;p=754"},"modified":"2025-05-08T16:30:51","modified_gmt":"2025-05-08T14:30:51","slug":"lait-corporeil","status":"publish","type":"product","link":"https:\/\/atchave.com\/index.php\/produit\/lait-corporeil\/","title":{"rendered":"LAIT CORPOREIL"},"content":{"rendered":"<p>ATCHAVE<\/p>\n<p>Lait corps \u00a0sont d\u00e9licatement parfum\u00e9 par nos experts parfumeurs<\/p>\n<p>Sublimateur<\/p>\n<p>Hydratant, Embelit ,Illumine,Parfum\u00e9 , Lait corps<\/p>\n<p>4 PARFUMS \u00a0DISPONIBLE<\/p>\n<p>FLEUR D&#8217;ORANGER<\/p>\n<p>TH\u00c9 VERT<\/p>\n<p>VANILLE<\/p>\n<p>ROSE<\/p>\n<p>Hydratant pour Femme 250 ML<\/p>\n<p>&nbsp;<\/p>\n","protected":false},"excerpt":{"rendered":"<p>ATCHAVE Lait corps \u00a0sont d\u00e9licatement parfum\u00e9 par nos experts parfumeurs Sublimateur Hydratant, Embelit ,Illumine,Parfum\u00e9 , Lait corps 4 PARFUMS \u00a0DISPONIBLE FLEUR D&#8217;ORANGER TH\u00c9 VERT VANILLE ROSE Hydratant pour Femme 250 ML &nbsp;<\/p>\n","protected":false},"featured_media":755,"comment_status":"open","ping_status":"closed","template":"","meta":{"_uag_custom_page_level_css":""},"product_brand":[],"product_cat":[112,116,118,68],"product_tag":[],"class_list":{"0":"post-754","1":"product","2":"type-product","3":"status-publish","4":"has-post-thumbnail","6":"product_cat-beautes","7":"product_cat-cremes-hydratantes","8":"product_cat-cremes-hydratantes-corps","9":"product_cat-femmes","11":"first","12":"instock","13":"purchasable","14":"product-type-simple"},"uagb_featured_image_src":{"full":["https:\/\/atchave.com\/wp-content\/uploads\/2025\/05\/Square-copy-copy-copy-2.jpg",1512,1512,false],"thumbnail":["https:\/\/atchave.com\/wp-content\/uploads\/2025\/05\/Square-copy-copy-copy-2-150x150.jpg",150,150,true],"medium":["https:\/\/atchave.com\/wp-content\/uploads\/2025\/05\/Square-copy-copy-copy-2-300x300.jpg",300,300,true],"medium_large":["https:\/\/atchave.com\/wp-content\/uploads\/2025\/05\/Square-copy-copy-copy-2-768x768.jpg",768,768,true],"large":["https:\/\/atchave.com\/wp-content\/uploads\/2025\/05\/Square-copy-copy-copy-2-1024x1024.jpg",1020,1020,true],"1536x1536":["https:\/\/atchave.com\/wp-content\/uploads\/2025\/05\/Square-copy-copy-copy-2.jpg",1512,1512,false],"2048x2048":["https:\/\/atchave.com\/wp-content\/uploads\/2025\/05\/Square-copy-copy-copy-2.jpg",1512,1512,false],"woocommerce_thumbnail":["https:\/\/atchave.com\/wp-content\/uploads\/2025\/05\/Square-copy-copy-copy-2-300x300.jpg",300,300,true],"woocommerce_single":["https:\/\/atchave.com\/wp-content\/uploads\/2025\/05\/Square-copy-copy-copy-2-600x600.jpg",600,600,true],"woocommerce_gallery_thumbnail":["https:\/\/atchave.com\/wp-content\/uploads\/2025\/05\/Square-copy-copy-copy-2-100x100.jpg",100,100,true]},"uagb_author_info":{"display_name":"ATCHAVE","author_link":"https:\/\/atchave.com\/index.php\/author\/"},"uagb_comment_info":0,"uagb_excerpt":"ATCHAVE Lait corps \u00a0sont d\u00e9licatement parfum\u00e9 par nos experts parfumeurs Sublimateur Hydratant, Embelit ,Illumine,Parfum\u00e9 , Lait corps 4 PARFUMS \u00a0DISPONIBLE FLEUR D&#8217;ORANGER TH\u00c9 VERT VANILLE ROSE Hydratant pour Femme 250 ML &nbsp;","jetpack_sharing_enabled":true,"_links":{"self":[{"href":"https:\/\/atchave.com\/index.php\/wp-json\/wp\/v2\/product\/754","targetHints":{"allow":["GET"]}}],"collection":[{"href":"https:\/\/atchave.com\/index.php\/wp-json\/wp\/v2\/product"}],"about":[{"href":"https:\/\/atchave.com\/index.php\/wp-json\/wp\/v2\/types\/product"}],"replies":[{"embeddable":true,"href":"https:\/\/atchave.com\/index.php\/wp-json\/wp\/v2\/comments?post=754"}],"wp:featuredmedia":[{"embeddable":true,"href":"https:\/\/atchave.com\/index.php\/wp-json\/wp\/v2\/media\/755"}],"wp:attachment":[{"href":"https:\/\/atchave.com\/index.php\/wp-json\/wp\/v2\/media?parent=754"}],"wp:term":[{"taxonomy":"product_brand","embeddable":true,"href":"https:\/\/atchave.com\/index.php\/wp-json\/wp\/v2\/product_brand?post=754"},{"taxonomy":"product_cat","embeddable":true,"href":"https:\/\/atchave.com\/index.php\/wp-json\/wp\/v2\/product_cat?post=754"},{"taxonomy":"product_tag","embeddable":true,"href":"https:\/\/atchave.com\/index.php\/wp-json\/wp\/v2\/product_tag?post=754"}],"curies":[{"name":"wp","href":"https:\/\/api.w.org\/{rel}","templated":true}]}}