{"id":739,"date":"2025-05-03T17:36:43","date_gmt":"2025-05-03T15:36:43","guid":{"rendered":"https:\/\/atchave.com\/?post_type=product&#038;p=739"},"modified":"2025-05-03T17:37:34","modified_gmt":"2025-05-03T15:37:34","slug":"rouge-a-levre-tohono-atchave","status":"publish","type":"product","link":"https:\/\/atchave.com\/index.php\/produit\/rouge-a-levre-tohono-atchave\/","title":{"rendered":"ROUGE \u00c0 L\u00c8VRE TOHONO ATCHAVE"},"content":{"rendered":"<p>ATCHAVE<\/p>\n<p>Rouge \u00e0 l\u00e8vres sans transfert- Couleur intense et confort<\/p>\n<p>&nbsp;<\/p>\n<p>DUR\u00c9E 24H<\/p>\n<p>&nbsp;<\/p>\n<p>&nbsp;<\/p>\n","protected":false},"excerpt":{"rendered":"<p>ATCHAVE Rouge \u00e0 l\u00e8vres sans transfert- Couleur intense et confort &nbsp; DUR\u00c9E 24H &nbsp; &nbsp;<\/p>\n","protected":false},"featured_media":740,"comment_status":"open","ping_status":"closed","template":"","meta":{"_uag_custom_page_level_css":""},"product_brand":[],"product_cat":[70,112,68,71,82],"product_tag":[],"class_list":{"0":"post-739","1":"product","2":"type-product","3":"status-publish","4":"has-post-thumbnail","6":"product_cat-accessoires","7":"product_cat-beautes","8":"product_cat-femmes","9":"product_cat-maquillages","10":"product_cat-rouges-a-levre","12":"first","13":"instock","14":"purchasable","15":"product-type-simple"},"uagb_featured_image_src":{"full":["https:\/\/atchave.com\/wp-content\/uploads\/2025\/05\/20250425_190916-1.jpg",1911,1625,false],"thumbnail":["https:\/\/atchave.com\/wp-content\/uploads\/2025\/05\/20250425_190916-1-150x150.jpg",150,150,true],"medium":["https:\/\/atchave.com\/wp-content\/uploads\/2025\/05\/20250425_190916-1-300x255.jpg",300,255,true],"medium_large":["https:\/\/atchave.com\/wp-content\/uploads\/2025\/05\/20250425_190916-1-768x653.jpg",768,653,true],"large":["https:\/\/atchave.com\/wp-content\/uploads\/2025\/05\/20250425_190916-1-1024x871.jpg",1020,868,true],"1536x1536":["https:\/\/atchave.com\/wp-content\/uploads\/2025\/05\/20250425_190916-1-1536x1306.jpg",1536,1306,true],"2048x2048":["https:\/\/atchave.com\/wp-content\/uploads\/2025\/05\/20250425_190916-1.jpg",1911,1625,false],"woocommerce_thumbnail":["https:\/\/atchave.com\/wp-content\/uploads\/2025\/05\/20250425_190916-1-300x300.jpg",300,300,true],"woocommerce_single":["https:\/\/atchave.com\/wp-content\/uploads\/2025\/05\/20250425_190916-1-600x510.jpg",600,510,true],"woocommerce_gallery_thumbnail":["https:\/\/atchave.com\/wp-content\/uploads\/2025\/05\/20250425_190916-1-100x100.jpg",100,100,true]},"uagb_author_info":{"display_name":"ATCHAVE","author_link":"https:\/\/atchave.com\/index.php\/author\/"},"uagb_comment_info":0,"uagb_excerpt":"ATCHAVE Rouge \u00e0 l\u00e8vres sans transfert- Couleur intense et confort &nbsp; DUR\u00c9E 24H &nbsp; &nbsp;","jetpack_sharing_enabled":true,"_links":{"self":[{"href":"https:\/\/atchave.com\/index.php\/wp-json\/wp\/v2\/product\/739","targetHints":{"allow":["GET"]}}],"collection":[{"href":"https:\/\/atchave.com\/index.php\/wp-json\/wp\/v2\/product"}],"about":[{"href":"https:\/\/atchave.com\/index.php\/wp-json\/wp\/v2\/types\/product"}],"replies":[{"embeddable":true,"href":"https:\/\/atchave.com\/index.php\/wp-json\/wp\/v2\/comments?post=739"}],"wp:featuredmedia":[{"embeddable":true,"href":"https:\/\/atchave.com\/index.php\/wp-json\/wp\/v2\/media\/740"}],"wp:attachment":[{"href":"https:\/\/atchave.com\/index.php\/wp-json\/wp\/v2\/media?parent=739"}],"wp:term":[{"taxonomy":"product_brand","embeddable":true,"href":"https:\/\/atchave.com\/index.php\/wp-json\/wp\/v2\/product_brand?post=739"},{"taxonomy":"product_cat","embeddable":true,"href":"https:\/\/atchave.com\/index.php\/wp-json\/wp\/v2\/product_cat?post=739"},{"taxonomy":"product_tag","embeddable":true,"href":"https:\/\/atchave.com\/index.php\/wp-json\/wp\/v2\/product_tag?post=739"}],"curies":[{"name":"wp","href":"https:\/\/api.w.org\/{rel}","templated":true}]}}