{"id":731,"date":"2025-05-03T16:38:54","date_gmt":"2025-05-03T14:38:54","guid":{"rendered":"https:\/\/atchave.com\/?post_type=product&#038;p=731"},"modified":"2025-05-03T16:39:10","modified_gmt":"2025-05-03T14:39:10","slug":"huile-dargan-bio-du-maroc","status":"publish","type":"product","link":"https:\/\/atchave.com\/index.php\/produit\/huile-dargan-bio-du-maroc\/","title":{"rendered":"HUILE D&#8217;ARGAN  BIO DU MAROC"},"content":{"rendered":"<p>Cette huile v\u00e9g\u00e9tale d&#8217;Argan vierge BIO est originaire du Maroc et extrait naturel<\/p>\n<p>est issu d&#8217;une premi\u00e8re pression excellent produit<\/p>\n<p>cette huile poss\u00e8de une odeur particuli\u00e8rement neutre et douce<\/p>\n<p>30ML<\/p>\n","protected":false},"excerpt":{"rendered":"<p>Cette huile v\u00e9g\u00e9tale d&#8217;Argan vierge BIO est originaire du Maroc et extrait naturel est issu d&#8217;une premi\u00e8re pression excellent produit cette huile poss\u00e8de une odeur particuli\u00e8rement neutre et douce 30ML<\/p>\n","protected":false},"featured_media":732,"comment_status":"open","ping_status":"closed","template":"","meta":{"_uag_custom_page_level_css":""},"product_brand":[],"product_cat":[112,119,68],"product_tag":[],"class_list":{"0":"post-731","1":"product","2":"type-product","3":"status-publish","4":"has-post-thumbnail","6":"product_cat-beautes","7":"product_cat-cremes-hydratantes-visage","8":"product_cat-femmes","10":"first","11":"instock","12":"taxable","13":"shipping-taxable","14":"purchasable","15":"product-type-simple"},"uagb_featured_image_src":{"full":["https:\/\/atchave.com\/wp-content\/uploads\/2025\/05\/20250503_161549-4.jpg",1080,1080,false],"thumbnail":["https:\/\/atchave.com\/wp-content\/uploads\/2025\/05\/20250503_161549-4-150x150.jpg",150,150,true],"medium":["https:\/\/atchave.com\/wp-content\/uploads\/2025\/05\/20250503_161549-4-300x300.jpg",300,300,true],"medium_large":["https:\/\/atchave.com\/wp-content\/uploads\/2025\/05\/20250503_161549-4-768x768.jpg",768,768,true],"large":["https:\/\/atchave.com\/wp-content\/uploads\/2025\/05\/20250503_161549-4-1024x1024.jpg",1020,1020,true],"1536x1536":["https:\/\/atchave.com\/wp-content\/uploads\/2025\/05\/20250503_161549-4.jpg",1080,1080,false],"2048x2048":["https:\/\/atchave.com\/wp-content\/uploads\/2025\/05\/20250503_161549-4.jpg",1080,1080,false],"woocommerce_thumbnail":["https:\/\/atchave.com\/wp-content\/uploads\/2025\/05\/20250503_161549-4-300x300.jpg",300,300,true],"woocommerce_single":["https:\/\/atchave.com\/wp-content\/uploads\/2025\/05\/20250503_161549-4-600x600.jpg",600,600,true],"woocommerce_gallery_thumbnail":["https:\/\/atchave.com\/wp-content\/uploads\/2025\/05\/20250503_161549-4-100x100.jpg",100,100,true]},"uagb_author_info":{"display_name":"ATCHAVE","author_link":"https:\/\/atchave.com\/index.php\/author\/"},"uagb_comment_info":0,"uagb_excerpt":"Cette huile v\u00e9g\u00e9tale d&#8217;Argan vierge BIO est originaire du Maroc et extrait naturel est issu d&#8217;une premi\u00e8re pression excellent produit cette huile poss\u00e8de une odeur particuli\u00e8rement neutre et douce 30ML","jetpack_sharing_enabled":true,"_links":{"self":[{"href":"https:\/\/atchave.com\/index.php\/wp-json\/wp\/v2\/product\/731","targetHints":{"allow":["GET"]}}],"collection":[{"href":"https:\/\/atchave.com\/index.php\/wp-json\/wp\/v2\/product"}],"about":[{"href":"https:\/\/atchave.com\/index.php\/wp-json\/wp\/v2\/types\/product"}],"replies":[{"embeddable":true,"href":"https:\/\/atchave.com\/index.php\/wp-json\/wp\/v2\/comments?post=731"}],"wp:featuredmedia":[{"embeddable":true,"href":"https:\/\/atchave.com\/index.php\/wp-json\/wp\/v2\/media\/732"}],"wp:attachment":[{"href":"https:\/\/atchave.com\/index.php\/wp-json\/wp\/v2\/media?parent=731"}],"wp:term":[{"taxonomy":"product_brand","embeddable":true,"href":"https:\/\/atchave.com\/index.php\/wp-json\/wp\/v2\/product_brand?post=731"},{"taxonomy":"product_cat","embeddable":true,"href":"https:\/\/atchave.com\/index.php\/wp-json\/wp\/v2\/product_cat?post=731"},{"taxonomy":"product_tag","embeddable":true,"href":"https:\/\/atchave.com\/index.php\/wp-json\/wp\/v2\/product_tag?post=731"}],"curies":[{"name":"wp","href":"https:\/\/api.w.org\/{rel}","templated":true}]}}