{"id":135,"date":"2024-01-08T09:57:07","date_gmt":"2024-01-08T08:57:07","guid":{"rendered":"https:\/\/atchave.com\/?post_type=product&#038;p=135"},"modified":"2025-05-02T17:01:14","modified_gmt":"2025-05-02T15:01:14","slug":"100ml-agnes","status":"publish","type":"product","link":"https:\/\/atchave.com\/index.php\/produit\/100ml-agnes\/","title":{"rendered":"Agn\u00e8s"},"content":{"rendered":"<p>AGNES<\/p>\n<p>Ingr\u00e9dients : Alcohol denat 80% vol, Aqua \/Water<\/p>\n<p>Parfums\/ Fragrances: alpha-Amylain-namaldehyde, anisyl alcohol, benzyl salicylate.<br \/>\nCitral, citronellol, eugenol, geraniol, coumarin. Isoeugenol, limonene linalool.<\/p>\n<p><em>Peut produire une r\u00e9action allergique<\/em><\/p>\n<p><em><strong>Pr\u00e9cautions d&#8217;emploi :<\/strong><\/em><\/p>\n<p>\u00c9viter le contact avec les yeux.<\/p>\n<p>Ne pas avaler.<\/p>\n<p>Tenir hors de la port\u00e9e des enfants.<\/p>\n<p>Tenir \u00e0 l&#8217;\u00e9cart de la chaleur et des flammes.<\/p>\n<p>\u00c9viter l&#8217;exposition au soleil apr\u00e8s application<\/p>\n<p>100ML<\/p>\n","protected":false},"excerpt":{"rendered":"<p>AGNES Ingr\u00e9dients : Alcohol denat 80% vol, Aqua \/Water Parfums\/ Fragrances: alpha-Amylain-namaldehyde, anisyl alcohol, benzyl salicylate. Citral, citronellol, eugenol, geraniol, coumarin. Isoeugenol, limonene linalool. Peut produire une r\u00e9action allergique Pr\u00e9cautions d&#8217;emploi : \u00c9viter le contact avec les yeux. Ne pas avaler. Tenir hors de la port\u00e9e des enfants. Tenir \u00e0 l&#8217;\u00e9cart de la chaleur et [&#8230;]\n","protected":false},"featured_media":622,"comment_status":"open","ping_status":"closed","template":"","meta":{"_uag_custom_page_level_css":""},"product_brand":[],"product_cat":[112,68,72],"product_tag":[43,34,36],"class_list":{"0":"post-135","1":"product","2":"type-product","3":"status-publish","4":"has-post-thumbnail","6":"product_cat-beautes","7":"product_cat-femmes","8":"product_cat-parfums-femmes","9":"product_tag-agnes","10":"product_tag-parfum","11":"product_tag-parfum-femme","13":"first","14":"instock","15":"featured","16":"shipping-taxable","17":"purchasable","18":"product-type-simple"},"uagb_featured_image_src":{"full":["https:\/\/atchave.com\/wp-content\/uploads\/2024\/01\/Snapchat-1862929782.jpg",696,789,false],"thumbnail":["https:\/\/atchave.com\/wp-content\/uploads\/2024\/01\/Snapchat-1862929782-150x150.jpg",150,150,true],"medium":["https:\/\/atchave.com\/wp-content\/uploads\/2024\/01\/Snapchat-1862929782-265x300.jpg",265,300,true],"medium_large":["https:\/\/atchave.com\/wp-content\/uploads\/2024\/01\/Snapchat-1862929782.jpg",696,789,false],"large":["https:\/\/atchave.com\/wp-content\/uploads\/2024\/01\/Snapchat-1862929782.jpg",696,789,false],"1536x1536":["https:\/\/atchave.com\/wp-content\/uploads\/2024\/01\/Snapchat-1862929782.jpg",696,789,false],"2048x2048":["https:\/\/atchave.com\/wp-content\/uploads\/2024\/01\/Snapchat-1862929782.jpg",696,789,false],"woocommerce_thumbnail":["https:\/\/atchave.com\/wp-content\/uploads\/2024\/01\/Snapchat-1862929782-300x300.jpg",300,300,true],"woocommerce_single":["https:\/\/atchave.com\/wp-content\/uploads\/2024\/01\/Snapchat-1862929782-600x680.jpg",600,680,true],"woocommerce_gallery_thumbnail":["https:\/\/atchave.com\/wp-content\/uploads\/2024\/01\/Snapchat-1862929782-100x100.jpg",100,100,true]},"uagb_author_info":{"display_name":"ATCHAVE","author_link":"https:\/\/atchave.com\/index.php\/author\/"},"uagb_comment_info":0,"uagb_excerpt":"AGNES Ingr\u00e9dients : Alcohol denat 80% vol, Aqua \/Water Parfums\/ Fragrances: alpha-Amylain-namaldehyde, anisyl alcohol, benzyl salicylate. Citral, citronellol, eugenol, geraniol, coumarin. Isoeugenol, limonene linalool. Peut produire une r\u00e9action allergique Pr\u00e9cautions d&#8217;emploi : \u00c9viter le contact avec les yeux. Ne pas avaler. Tenir hors de la port\u00e9e des enfants. Tenir \u00e0 l&#8217;\u00e9cart de la chaleur et\u2026","jetpack_sharing_enabled":true,"_links":{"self":[{"href":"https:\/\/atchave.com\/index.php\/wp-json\/wp\/v2\/product\/135","targetHints":{"allow":["GET"]}}],"collection":[{"href":"https:\/\/atchave.com\/index.php\/wp-json\/wp\/v2\/product"}],"about":[{"href":"https:\/\/atchave.com\/index.php\/wp-json\/wp\/v2\/types\/product"}],"replies":[{"embeddable":true,"href":"https:\/\/atchave.com\/index.php\/wp-json\/wp\/v2\/comments?post=135"}],"wp:featuredmedia":[{"embeddable":true,"href":"https:\/\/atchave.com\/index.php\/wp-json\/wp\/v2\/media\/622"}],"wp:attachment":[{"href":"https:\/\/atchave.com\/index.php\/wp-json\/wp\/v2\/media?parent=135"}],"wp:term":[{"taxonomy":"product_brand","embeddable":true,"href":"https:\/\/atchave.com\/index.php\/wp-json\/wp\/v2\/product_brand?post=135"},{"taxonomy":"product_cat","embeddable":true,"href":"https:\/\/atchave.com\/index.php\/wp-json\/wp\/v2\/product_cat?post=135"},{"taxonomy":"product_tag","embeddable":true,"href":"https:\/\/atchave.com\/index.php\/wp-json\/wp\/v2\/product_tag?post=135"}],"curies":[{"name":"wp","href":"https:\/\/api.w.org\/{rel}","templated":true}]}}