{"id":134,"date":"2024-01-08T09:43:09","date_gmt":"2024-01-08T08:43:09","guid":{"rendered":"https:\/\/atchave.com\/?post_type=product&#038;p=134"},"modified":"2025-04-16T14:59:58","modified_gmt":"2025-04-16T12:59:58","slug":"unicorn-80ml","status":"publish","type":"product","link":"https:\/\/atchave.com\/index.php\/produit\/unicorn-80ml\/","title":{"rendered":"Unicorn GOUDCA"},"content":{"rendered":"<p><b>EAU DE TOILETTE<\/b><\/p>\n<p><span style=\"font-weight: 400;\">VAPORISATEUR SPRAL NATUREL<\/span><\/p>\n<p><b>Nom du produit : Parfum GOUDCA Unicorn<\/b><\/p>\n<p><b>Ingr\u00e9dients :<\/b><span style=\"font-weight: 400;\"> \u00e9thanol, eau, ar\u00f4me, glyc\u00e9rine<\/span><\/p>\n<p><b>Contenu net :<\/b><span style=\"font-weight: 400;\"> 80 ml<\/span><\/p>\n","protected":false},"excerpt":{"rendered":"<p>EAU DE TOILETTE VAPORISATEUR SPRAL NATUREL Nom du produit : Parfum GOUDCA Unicorn Ingr\u00e9dients : \u00e9thanol, eau, ar\u00f4me, glyc\u00e9rine Contenu net : 80 ml<\/p>\n","protected":false},"featured_media":81,"comment_status":"open","ping_status":"closed","template":"","meta":{"_uag_custom_page_level_css":""},"product_brand":[],"product_cat":[68,72],"product_tag":[34,36,42],"class_list":{"0":"post-134","1":"product","2":"type-product","3":"status-publish","4":"has-post-thumbnail","6":"product_cat-femmes","7":"product_cat-parfums-femmes","8":"product_tag-parfum","9":"product_tag-parfum-femme","10":"product_tag-unicorn","11":"product_shipping_class-produits-fragiles","13":"first","14":"instock","15":"featured","16":"shipping-taxable","17":"purchasable","18":"product-type-simple"},"uagb_featured_image_src":{"full":["https:\/\/atchave.com\/wp-content\/uploads\/2024\/01\/unicorn-parfum-femme-sans-paillette.jpg",1080,1920,false],"thumbnail":["https:\/\/atchave.com\/wp-content\/uploads\/2024\/01\/unicorn-parfum-femme-sans-paillette-150x150.jpg",150,150,true],"medium":["https:\/\/atchave.com\/wp-content\/uploads\/2024\/01\/unicorn-parfum-femme-sans-paillette-169x300.jpg",169,300,true],"medium_large":["https:\/\/atchave.com\/wp-content\/uploads\/2024\/01\/unicorn-parfum-femme-sans-paillette-768x1365.jpg",768,1365,true],"large":["https:\/\/atchave.com\/wp-content\/uploads\/2024\/01\/unicorn-parfum-femme-sans-paillette-576x1024.jpg",576,1024,true],"1536x1536":["https:\/\/atchave.com\/wp-content\/uploads\/2024\/01\/unicorn-parfum-femme-sans-paillette-864x1536.jpg",864,1536,true],"2048x2048":["https:\/\/atchave.com\/wp-content\/uploads\/2024\/01\/unicorn-parfum-femme-sans-paillette.jpg",1080,1920,false],"woocommerce_thumbnail":["https:\/\/atchave.com\/wp-content\/uploads\/2024\/01\/unicorn-parfum-femme-sans-paillette-300x300.jpg",300,300,true],"woocommerce_single":["https:\/\/atchave.com\/wp-content\/uploads\/2024\/01\/unicorn-parfum-femme-sans-paillette-600x1067.jpg",600,1067,true],"woocommerce_gallery_thumbnail":["https:\/\/atchave.com\/wp-content\/uploads\/2024\/01\/unicorn-parfum-femme-sans-paillette-100x100.jpg",100,100,true]},"uagb_author_info":{"display_name":"ATCHAVE","author_link":"https:\/\/atchave.com\/index.php\/author\/"},"uagb_comment_info":0,"uagb_excerpt":"EAU DE TOILETTE VAPORISATEUR SPRAL NATUREL Nom du produit : Parfum GOUDCA Unicorn Ingr\u00e9dients : \u00e9thanol, eau, ar\u00f4me, glyc\u00e9rine Contenu net : 80 ml","jetpack_sharing_enabled":true,"_links":{"self":[{"href":"https:\/\/atchave.com\/index.php\/wp-json\/wp\/v2\/product\/134","targetHints":{"allow":["GET"]}}],"collection":[{"href":"https:\/\/atchave.com\/index.php\/wp-json\/wp\/v2\/product"}],"about":[{"href":"https:\/\/atchave.com\/index.php\/wp-json\/wp\/v2\/types\/product"}],"replies":[{"embeddable":true,"href":"https:\/\/atchave.com\/index.php\/wp-json\/wp\/v2\/comments?post=134"}],"wp:featuredmedia":[{"embeddable":true,"href":"https:\/\/atchave.com\/index.php\/wp-json\/wp\/v2\/media\/81"}],"wp:attachment":[{"href":"https:\/\/atchave.com\/index.php\/wp-json\/wp\/v2\/media?parent=134"}],"wp:term":[{"taxonomy":"product_brand","embeddable":true,"href":"https:\/\/atchave.com\/index.php\/wp-json\/wp\/v2\/product_brand?post=134"},{"taxonomy":"product_cat","embeddable":true,"href":"https:\/\/atchave.com\/index.php\/wp-json\/wp\/v2\/product_cat?post=134"},{"taxonomy":"product_tag","embeddable":true,"href":"https:\/\/atchave.com\/index.php\/wp-json\/wp\/v2\/product_tag?post=134"}],"curies":[{"name":"wp","href":"https:\/\/api.w.org\/{rel}","templated":true}]}}