{"id":111,"date":"2024-01-07T23:05:42","date_gmt":"2024-01-07T22:05:42","guid":{"rendered":"https:\/\/atchave.com\/?post_type=product&#038;p=111"},"modified":"2025-04-16T15:08:01","modified_gmt":"2025-04-16T13:08:01","slug":"wishing-wizard-80ml","status":"publish","type":"product","link":"https:\/\/atchave.com\/index.php\/produit\/wishing-wizard-80ml\/","title":{"rendered":"Wishing Wizard GOUDCA"},"content":{"rendered":"<p><b>EAU DE TOILETTE<\/b><\/p>\n<p><span style=\"font-weight: 400;\">VAPORISATEUR SPRAL NATUREL<\/span><\/p>\n<p><b>Nom du produit : Parfum GOUDCA Wishing Wizard<\/b><\/p>\n<p><b>Ingr\u00e9dients :<\/b><span style=\"font-weight: 400;\"> \u00e9thanol, eau, ar\u00f4me, glyc\u00e9rine<\/span><\/p>\n<p><b>Utilisation :<\/b><span style=\"font-weight: 400;\"> Utiliser en dehors du corps, vaporiser une quantit\u00e9 appropri\u00e9e sur le cou, le poignet, etc.<\/span><\/p>\n<p><b>Contenu net :<\/b><span style=\"font-weight: 400;\"> 80 ml<\/span><\/p>\n<p>&nbsp;<\/p>\n","protected":false},"excerpt":{"rendered":"<p>EAU DE TOILETTE VAPORISATEUR SPRAL NATUREL Nom du produit : Parfum GOUDCA Wishing Wizard Ingr\u00e9dients : \u00e9thanol, eau, ar\u00f4me, glyc\u00e9rine Utilisation : Utiliser en dehors du corps, vaporiser une quantit\u00e9 appropri\u00e9e sur le cou, le poignet, etc. Contenu net : 80 ml &nbsp;<\/p>\n","protected":false},"featured_media":79,"comment_status":"open","ping_status":"closed","template":"","meta":{"_uag_custom_page_level_css":""},"product_brand":[],"product_cat":[68,72],"product_tag":[36],"class_list":{"0":"post-111","1":"product","2":"type-product","3":"status-publish","4":"has-post-thumbnail","6":"product_cat-femmes","7":"product_cat-parfums-femmes","8":"product_tag-parfum-femme","10":"first","11":"instock","12":"featured","13":"shipping-taxable","14":"purchasable","15":"product-type-simple"},"uagb_featured_image_src":{"full":["https:\/\/atchave.com\/wp-content\/uploads\/2024\/01\/Wishing-Wizard-parfum-femme-sans-paillette.jpg",1080,1920,false],"thumbnail":["https:\/\/atchave.com\/wp-content\/uploads\/2024\/01\/Wishing-Wizard-parfum-femme-sans-paillette-150x150.jpg",150,150,true],"medium":["https:\/\/atchave.com\/wp-content\/uploads\/2024\/01\/Wishing-Wizard-parfum-femme-sans-paillette-169x300.jpg",169,300,true],"medium_large":["https:\/\/atchave.com\/wp-content\/uploads\/2024\/01\/Wishing-Wizard-parfum-femme-sans-paillette-768x1365.jpg",768,1365,true],"large":["https:\/\/atchave.com\/wp-content\/uploads\/2024\/01\/Wishing-Wizard-parfum-femme-sans-paillette-576x1024.jpg",576,1024,true],"1536x1536":["https:\/\/atchave.com\/wp-content\/uploads\/2024\/01\/Wishing-Wizard-parfum-femme-sans-paillette-864x1536.jpg",864,1536,true],"2048x2048":["https:\/\/atchave.com\/wp-content\/uploads\/2024\/01\/Wishing-Wizard-parfum-femme-sans-paillette.jpg",1080,1920,false],"woocommerce_thumbnail":["https:\/\/atchave.com\/wp-content\/uploads\/2024\/01\/Wishing-Wizard-parfum-femme-sans-paillette-300x300.jpg",300,300,true],"woocommerce_single":["https:\/\/atchave.com\/wp-content\/uploads\/2024\/01\/Wishing-Wizard-parfum-femme-sans-paillette-600x1067.jpg",600,1067,true],"woocommerce_gallery_thumbnail":["https:\/\/atchave.com\/wp-content\/uploads\/2024\/01\/Wishing-Wizard-parfum-femme-sans-paillette-100x100.jpg",100,100,true]},"uagb_author_info":{"display_name":"ATCHAVE","author_link":"https:\/\/atchave.com\/index.php\/author\/"},"uagb_comment_info":0,"uagb_excerpt":"EAU DE TOILETTE VAPORISATEUR SPRAL NATUREL Nom du produit : Parfum GOUDCA Wishing Wizard Ingr\u00e9dients : \u00e9thanol, eau, ar\u00f4me, glyc\u00e9rine Utilisation : Utiliser en dehors du corps, vaporiser une quantit\u00e9 appropri\u00e9e sur le cou, le poignet, etc. Contenu net : 80 ml &nbsp;","jetpack_sharing_enabled":true,"_links":{"self":[{"href":"https:\/\/atchave.com\/index.php\/wp-json\/wp\/v2\/product\/111","targetHints":{"allow":["GET"]}}],"collection":[{"href":"https:\/\/atchave.com\/index.php\/wp-json\/wp\/v2\/product"}],"about":[{"href":"https:\/\/atchave.com\/index.php\/wp-json\/wp\/v2\/types\/product"}],"replies":[{"embeddable":true,"href":"https:\/\/atchave.com\/index.php\/wp-json\/wp\/v2\/comments?post=111"}],"wp:featuredmedia":[{"embeddable":true,"href":"https:\/\/atchave.com\/index.php\/wp-json\/wp\/v2\/media\/79"}],"wp:attachment":[{"href":"https:\/\/atchave.com\/index.php\/wp-json\/wp\/v2\/media?parent=111"}],"wp:term":[{"taxonomy":"product_brand","embeddable":true,"href":"https:\/\/atchave.com\/index.php\/wp-json\/wp\/v2\/product_brand?post=111"},{"taxonomy":"product_cat","embeddable":true,"href":"https:\/\/atchave.com\/index.php\/wp-json\/wp\/v2\/product_cat?post=111"},{"taxonomy":"product_tag","embeddable":true,"href":"https:\/\/atchave.com\/index.php\/wp-json\/wp\/v2\/product_tag?post=111"}],"curies":[{"name":"wp","href":"https:\/\/api.w.org\/{rel}","templated":true}]}}